e j = 5*k + 512. What is the highest common factor of 31 and k?
31
Let b = 558 - 516. What is the greatest common factor of 63 and b?
21
Suppose 0 = 34*v - 147714 - 13242. Calculate the greatest common divisor of 18 and v.
18
Suppose 66 = 10*a - 9*a. What is the greatest common divisor of a and 154?
22
Let q(u) = 3*u - 21. Let k be q(-12). Let z = -41 - k. Calculate the greatest common factor of z and 12.
4
Suppose v = 5*h - 22, -8 = -3*h + 5*v + 14. Let b(y) = 5*y**2 + y + 15. Let d be b(h). Suppose -2*i = -7 - 11. Calculate the highest common factor of d and i.
9
Let x = 24 - 21. Suppose 3*i - x = 4*s, 5*s = s. Let b be i/(-3*1/(-15)). What is the highest common factor of b and 5?
5
Let j = -1939 - -2023. Calculate the highest common factor of 132 and j.
12
Suppose -5*a + 2*v = -6210, 11*a + v + 6210 = 16*a. Calculate the greatest common factor of a and 276.
138
Let g be 528/112 + (-2)/(-7). Suppose 3*s = g*i - 46, 0 = -4*i + 5*s - 4*s + 34. What is the highest common divisor of i and 8?
8
Suppose -20*k = -0*k - 1820. Calculate the highest common factor of 7 and k.
7
Let k(c) = 18*c**3 - 2*c**2 + 4*c - 3. Let y be k(1). What is the highest common divisor of 136 and y?
17
Let y be 1/((-4)/24 + 0). Let v = y + 12. Let g be (-8 - 8/5)/(2/(-10)). What is the greatest common divisor of v and g?
6
Suppose -4*a - 354 - 82 = -4*w, 4*a = 5*w - 541. Calculate the greatest common factor of w and 75.
15
Suppose 3*k - 5*c + 4*c = 34, -2*c + 23 = k. Suppose 0 = 11*w - 22*w + 286. Calculate the highest common divisor of w and k.
13
Suppose 6*i - 1960 = 4*i. Let t = 1475 - i. Suppose 0 = -5*m - 3*r + 609, -2*m - 2*m - 5*r = -t. What is the highest common divisor of m and 48?
24
Let h = 1206 - 1111. Calculate the highest common divisor of 10 and h.
5
Suppose 0 = 2*i - 5*d - 41, -2*d - 110 = -5*i + 3*d. Calculate the highest common divisor of i and 161.
23
Let x be ((-7)/2)/(-10 - 395/(-40)). Calculate the greatest common divisor of 28 and x.
28
Let i be ((-7)/(-14))/((-2)/(-8)). Suppose 47*o = 49*o - 16. What is the highest common factor of i and o?
2
Let v = 6 - 4. Let g(q) = -v*q - 5*q - 8*q - 2 + q. Let w be g(-1). What is the highest common factor of 3 and w?
3
Suppose 10*r - 6493 - 22797 = 0. What is the greatest common divisor of r and 101?
101
Let c(m) = -3*m - 1. Let u be c(-2). Suppose 23 + 77 = u*a. Let h be 16*(-3)/18*(-225)/6. What is the highest common divisor of a and h?
20
Let y be (0 + -1)/((-3)/9) + 1085. Calculate the highest common factor of 17 and y.
17
Suppose 0 = -o + 2 + 2. Let j be o/((-44)/20 + 3). Suppose -448 = -9*z + j*z. What is the greatest common factor of z and 14?
14
Suppose 5*o + q - 6 = -4, q = -3*o + 2. Suppose 0 = -o*z + 2*z - 8, -4*v + z + 172 = 0. Calculate the greatest common factor of 44 and v.
44
Let z(h) = 3*h**3 + 6*h**2 + h + 4. Let s be z(-2). Calculate the highest common factor of 38 and s.
2
Suppose 927 - 3897 = -90*r. What is the greatest common factor of r and 33?
33
Let s be (-2)/(-3)*-3 - -4. Let m = 11 - s. Suppose -24*i = 46 - 190. What is the highest common factor of i and m?
3
Let w(r) = 4*r + 8. Let g be w(2). Suppose 13*h = 506 - 194. What is the greatest common factor of g and h?
8
Let y be 15/10 + (-2)/(-4). Let z be (y + 205)/3 - -3. What is the highest common divisor of 24 and z?
24
Suppose -29*t + 196 = -616. Suppose x = 3, -x + 213 = 5*k - 0*k. Calculate the highest common factor of t and k.
14
Let r(m) = -m - 7. Let a be r(-3). Let n be (4 - (-4)/a) + 81. Suppose 32 - n = -4*u. Calculate the highest common divisor of 26 and u.
13
Let n(q) = -q + 9. Suppose -2*l + 0*l = -12. Let z be n(l). Let p be 2/1*6/z. Calculate the greatest common divisor of p and 12.
4
Let s = 12 + -18. Let p be (4/s)/(14/(-84)). Suppose -p*m - 3*o + 6 = 0, 0*m - 5*m - 2*o + 11 = 0. Calculate the highest common factor of m and 2.
1
Let z = -1083 + 1147. Calculate the greatest common divisor of z and 40.
8
Suppose 5*c = -165 + 675. Suppose -290 = 5*s - 3*k - 2*k, -122 = 2*s + k. Let x = c + s. Calculate the highest common divisor of x and 21.
21
Let o be (6 + (-68)/6)*(-438)/2. Calculate the highest common divisor of 64 and o.
16
Let d = -33 + 47. Let a(m) = -m**2 + 21*m - 62. Let w be a(13). Calculate the highest common divisor of d and w.
14
Suppose -o = -0*o - 7. Let v(b) = -16*b - 179. Let y be v(-11). Let z = o - y. Calculate the highest common divisor of 5 and z.
5
Let q = 9 - 6. Suppose q*z = 8*z - 5. Suppose 23 = 2*r + l, 5*r + 120*l - 60 = 117*l. Calculate the highest common divisor of r and z.
1
Let n = -152 + 224. Suppose -7*y + 9*y = n. Calculate the greatest common factor of y and 9.
9
Let u be 15 - -12 - (-4)/(-1). Suppose -u = -5*j + 7. Let x be 146/14 - j/14. What is the greatest common factor of 50 and x?
10
Let a be 1050/100*(2 + 2/(-3)). Calculate the highest common factor of 189 and a.
7
Let m(q) be the second derivative of 5*q**4/12 + 2*q**3/3 + 5*q**2/2 - 7*q. Let c be m(-6). What is the greatest common factor of c and 23?
23
Let w = -1149 + 1217. What is the highest common divisor of w and 3026?
34
Let w be 179/6 - 2 - (-20)/120. Let k be 1252/w + ((-8)/(-14))/2. Calculate the greatest common factor of 5 and k.
5
Let f = 2 - -29. Suppose -4*u + f = 15. Let l = 26 + -14. Calculate the greatest common factor of u and l.
4
Let z = -5 - -33. Let i = z + -4. Suppose -2 = 2*l - 2*o, -5*o + 26 = l + 3. What is the highest common divisor of l and i?
3
Suppose 5 + 70 = p. Let j = 12 + -9. Let a be (p/5)/(j/14). Calculate the highest common divisor of 10 and a.
10
Let v = -15 - -14. Let m be (0 - -1)*(v + 3). Calculate the greatest common factor of m and 6.
2
Let k(b) = 8*b - 170. Let i be k(31). Calculate the greatest common factor of i and 260.
26
Let v = -51 - -55. Suppose -5*o - s + 6*s + 140 = 0, -o + 28 = v*s. Calculate the highest common factor of o and 14.
14
Let u(d) = -d**2 - 23*d + 2. Let b be u(-22). What is the greatest common divisor of 204 and b?
12
Let r be (-78 + 0)/((-1)/1). Suppose -5*x + r = -2. Let d(v) = -v**3 + 7*v**2 + 8*v + 8. Let s be d(8). What is the greatest common divisor of x and s?
8
Suppose -2*o - 2*x = -o - 3, 0 = -5*o - x + 15. Let y = 102 + 29. Let l = 134 - y. Calculate the highest common factor of l and o.
3
Let b = 107 + -92. Calculate the greatest common divisor of b and 385.
5
Let j(x) = -4*x**3 - 10*x**2 - 19*x - 19. Let m be j(-4). What is the highest common divisor of m and 85?
17
Let a = -565 + 841. What is the greatest common divisor of a and 36?
12
Let r = -38 + 104. Suppose 96 + r = 3*c. What is the greatest common divisor of 18 and c?
18
Suppose -105 = -4*a - a. Let c = 42 + -40. Let r be (-4)/4*(0 - 1 - c). What is the highest common divisor of a and r?
3
Suppose -20*o = -17*o - 3*z - 432, 0 = -5*o - 2*z + 720. Calculate the highest common factor of o and 9.
9
Let b(h) = 9*h**2 - 2*h + 2. Let p be b(1). Suppose -48 = 3*c - 9. Let q(j) = j**2 + 11*j - 17. Let w be q(c). Calculate the highest common divisor of p and w.
9
Suppose -2*n = o + 11, 11 = -3*n + 2. Let d = o - -13. Calculate the greatest common factor of 24 and d.
8
Let v = 77 - 53. Let h = -4 + v. What is the greatest common divisor of h and 2?
2
Suppose 0 = -2*l - 0*l + a + 13, -2*l + 23 = -3*a. Suppose 12 + 8 = l*b. Suppose 3*m = m + 30. Calculate the greatest common factor of b and m.
5
Suppose -5*d + 375 = -3*y, -2*d + 15 + 135 = -3*y. Let r be d/12 - 3/12. Suppose f = 4*s - 21, 2*s - 7 = 3*f + r. What is the highest common factor of 1 and s?
1
Suppose 5*t + 2*q - 204 = 33, 5*q - 240 = -5*t. Calculate the highest common factor of 517 and t.
47
Suppose x - 4*a - 12 = 0, 3*a - 2*a + 3 = -3*x. Suppose -2*y + 6 = x, -y - 4 = -5*l + y. Suppose 2*d - 26 = l. Calculate the greatest common factor of 70 and d.
14
Suppose -5*m + 30 = 5*r - 40, 0 = 5*r - 15. Calculate the greatest common factor of 297 and m.
11
Let u(v) = -72*v - 185. Let l be u(-18). Calculate the greatest common factor of 303 and l.
101
Let m(x) = -x**3 - 14*x**2 + 24*x - 16. Let l be m(-16). What is the greatest common factor of 32 and l?
16
Let s(r) = r**3 + 10*r**2 + 6*r - 22. Let h be s(-9). Suppose x - 3*x = -8, -60 = -z - h*x. What is the highest common factor of 80 and z?
40
Let r be 17/((23 - 24)/(0 + -1)). Calculate the greate